 - 1) + 7 + -2 + -1
3
-1 + 0 - (-74 - -69)
4
What is -4 - (5 + 1 + -5)?
-5
What is the value of 13 - 12 - (-6 + -1)?
8
Calculate (7 - 12) + (0 - -4).
-1
What is the value of 1 + 3 + 0 + -8?
-4
What is 7 - (1 - (7 - 7))?
6
Calculate 1 + -5 - (-2 + 4 - 6).
0
Evaluate -2 - (-1 + -4) - 4.
-1
Evaluate -1 + 4 + -3 + 4.
4
What is 5 + -5 + -1 + 2?
1
Evaluate 8 + -10 - (1 - (-5 + 1)).
-7
Calculate -2 - -6 - (-11 + 17).
-2
What is 11 + (2 - (-6 - -5)) + -7?
7
What is the value of 0 + 1 + 9 + -7?
3
What is the value of 17 + -12 - (-2 + (1 - 2))?
8
What is 2 + (7 + (-23 - -5) - -7)?
-2
Calculate 3 + 4 + (-5 + 0 - 0).
2
Calculate 3 + -3 + 1 + (5 - 7).
-1
What is the value of (-11 - -6) + 0 + -1 + 2?
-4
Evaluate 0 - 2 - 3 - -5 - 2.
-2
Evaluate -5 - ((-7 - -5) + -1).
-2
Calculate (-12 - -5) + 4 + 7.
4
What is 0 + 0 + 7 + 0 + -3?
4
What is the value of 0 + 5 - (2 - -6) - -1?
-2
2 - 6 - -5 - (0 + 2)
-1
What is (-4 + 7 - 6) + 2?
-1
What is 2 + (-5 + 1 - (-6 - -5))?
-1
What is 7 + (-6 - (4 - 1))?
-2
1 + -5 + (3 - 5) + 3
-3
Calculate 2 - (-2 + 5 + -2).
1
5 - (6 + (4 - 2))
-3
What is the value of (1 - -1) + 2 - 4?
0
Calculate -3 - -8 - 9 - -7.
3
Evaluate -18 - (3 + -12) - -13.
4
5 + -6 + -10 + 5
-6
Evaluate -1 + 3 - (1 + 1) - -4.
4
Calculate 4 + (-4 - 0) + 4.
4
Evaluate -1 + -10 - (-9 + 2) - 5.
-9
Evaluate (4 - 0) + -6 + -3.
-5
Calculate -23 - -29 - (0 - 0).
6
What is the value of 11 - 14 - (-7 + -4)?
8
Calculate 21 + -17 + (-8 - 0) + 0.
-4
What is the value of 45 + -52 - (-5 - 1)?
-1
Calculate -4 + (2 + -3 - -1) - -7.
3
(-5 - 0 - 0) + 5
0
1 - ((4 - 5) + 5)
-3
-4 + -3 + (5 - -1)
-1
What is -6 + (-2 - -2) + 1 - 5?
-10
Calculate 3 - 5 - (2 + -2 + -1).
-1
Evaluate 10 + (7 - 13) + 1.
5
Calculate (3 - (6 - (7 - -6))) + -4.
6
What is the value of -1 + (-1 - (8 + -15))?
5
Evaluate 11 + -1 + -22 - -13.
1
Evaluate -2 - ((-6 - -4) + 4 - 4).
0
Evaluate -3 - (-2 + 3 + 1).
-5
Evaluate -1 + 6 + -5 + -2.
-2
(-2 + 0 - (0 + 2)) + 1
-3
Evaluate (0 - -1) + 0 + (-18 - -18).
1
What is the value of (17 - 8) + (-1 - -1) + -4?
5
What is the value of -4 + -3 + (7 - (-8 + -1))?
9
6 - ((4 - -1) + 1)
0
Calculate 1 + -7 - (-4 - 0).
-2
What is 4 - ((1 - -4) + -3 - -3)?
-1
Calculate (0 - 2) + (3 - -1) - 7.
-5
4 + -5 + -2 + 4 + -3
-2
What is (-8 - -3) + -16 + 17?
-4
-11 - (6 + -15 + -2)
0
What is 8 + (10 - (18 - -3))?
-3
What is the value of 4 - (5 + (-5 - 2) - -5)?
1
(7 - 4) + -12 + 8
-1
What is the value of -12 + -2 + 10 + (2 - -1)?
-1
What is the value of 1 - 8 - (-2 + -1)?
-4
What is the value of -2 + 5 + -9 + 5 - 1?
-2
Evaluate 0 + -6 + -1 + 2.
-5
-23 - -25 - (2 + -5 - -2)
3
What is the value of (3 - 8) + 4 + 3 - 6?
-4
What is the value of (1 - (5 - 1)) + 4?
1
What is 1 + 3 + -4 + 2 - -3?
5
What is the value of -10 + (-1 - (0 + -6))?
-5
Evaluate (-9 - -5) + -1 + (5 - 8).
-8
What is 3 - (-7 + 13 + -4) - -4?
5
-2 - (15 - 3 - (1 + 6))
-7
What is the value of -7 + 8 - -6 - -4 - 8?
3
What is -4 + (-1 - (-5 + -8) - 4)?
4
Calculate -3 - (-2 + -4) - 2.
1
10 - (11 + -24 - -21)
2
What is -9 - (-16 + 5 + 7 + -4)?
-1
What is the value of -6 - (4 - 2 - (-8 - -11))?
-5
Calculate (22 - 20) + (2 - (-2 + 5)).
1
1 + 0 + 0 + 5 + -4
2
What is -4 + 1 + 4 - 1 - -4?
4
What is (4 - -2) + -2 + (-2 - -2)?
4
What is -2 - 0 - (1 - (-8 + 7))?
-4
Evaluate 11 - 14 - (1 + -5) - -4.
5
Calculate (6 - 8 - 4) + (-1 - -3).
-4
What is -2 + 8 - (6 + -4)?
4
(-1 - 0) + (7 - (11 - 1))
-4
Evaluate -5 + (6 - 1) - -2.
2
Evaluate (-4 - 3 - 0) + 2 + 3.
-2
Calculate -5 - (2 - 5) - (0 - 7).
5
What is 16 + -8 - (4 + -1)?
5
Calculate (-2 - -1 - 5 - -5) + 4.
3
Evaluate 1 - 2 - (0 + 1).
-2
0 + 3 + 0 + (-12 - -6)
-3
Calculate -7 + 2 + (-4 + -2 - -5).
-6
Calculate 9 + 8 + -3 - 8.
6
Calculate 0 + (-7 + 7 - 1).
-1
11 + (-14 - (-13 - -9))
1
Evaluate -6 + (-4 - -9) + 2 + 1.
2
Calculate (-14 - -17) + (-1 - -1).
3
What is 4 - (6 + (6 - 12))?
4
Calculate 33 + -32 - (4 - -1).
-4
What is 0 - (0 + 1) - (-15 + 14)?
0
-6 + (5 - (13 + -8)) - -4
-2
Calculate 7 - (5 + -6 + 2 + 8).
-2
Evaluate (-3 - -11) + (8 - 11).
5
Calculate -2 + (8 - -2 - (-1 + 7)).
2
Evaluate -66 - -57 - (0 - 0).
-9
Calculate (-4 - (0 + -3)) + -4.
-5
6 + -1 - (1 - 1)
5
Calculate (-6 - -8) + -4 - (1 + 0).
-3
Calculate 0 + -2 + 1 + (40 - 34).
5
(-1 - 4) + 3 - -1
-1
What is 0 + (-6 - -4) + 4 - 0?
2
Evaluate 4 + (-3 - -9) + -10.
0
What is the value of 0 + -1 + -5 + -6 + 8?
-4
What is 12 + (2 - 8) - 6?
0
0 + -1 + (-28 - -20) - -3
-6
(-1 - -6) + 1 - 3
3
-2 + (0 - 2) + 26 + -21
1
Evaluate (-7 - -1) + -4 + 0 - -4.
-6
What is (-5 - 1) + (2 - (1 + 0))?
-5
Calculate -10 - (-3 + (0 - 7)).
0
What is -5 + (-5 - (-9 + -1))?
0
-4 - 0 - (-16 - -15)
-3
What is 10 + 0 - 5 - 1?
4
What is 0 - 4 - (-3 - 6 - -1)?
4
Calculate 8 + 2 + (-2 - 3).
5
Evaluate 5 - ((3 - -1) + 1 + -6).
6
Evaluate (-18 - -5) + 14 - -9.
10
10 + -21 + 8 - (-1 - -6)
-8
Calculate (0 - -3) + 0 - 5.
-2
What is the value of -14 - 1 - 0 - (349 - 356)?
-8
Evaluate 2 + -5 + (7 - 9).
-5
-2 + 1 - (2 + -1)
-2
What is 1 + (-4 + 3 - 1)?
-1
What is 7 + -1 + (-6 - (3 - -2))?
-5
What is -8 + 11 - (-1 - 2)?
6
What is 51 + -43 + (-8 - -1)?
1
What is -1 + -1 + (5 - (2 + 6))?
-5
What is (-11 - -13 - 11) + 12?
3
What is (2 - -1) + 21 + -7 + -12?
5
-5 + 0 + 0 - -2
-3
What is (-2 - -1) + -1 + 7?
5
Evaluate 4 + -1 - 2 - 7 - -4.
-2
Evaluate -3 + -3 + 8 + (10 - 13).
-1
Calculate 2 + 1 - 4 - 2.
-3
Evaluate 4 + 2 + -4 + (-2 - -3).
3
What is the value of -5 - (-8 + (3 - 4))?
4
13 + 8 + -6 + -9
6
Evaluate 1 + (-1 - (1 - (-4 - 0))).
-5
Evaluate -5 - (-7 + 13 - 14).
3
What is (6 - (7 - 6)) + -1?
4
What is 1 - (9 - (1 + -5) - 4)?
-8
What is 7 + (-6 - -4) + -6?
-1
Evaluate (1 - -4) + (-3 - 2).
0
Calculate -9 + (2 - -1) - (-22 - -13).
3
What is -2 + 4 + 1 + -5?
-2
What is the value of -4 - (2 - 2) - -1?
-3
32 + -35 + -1 + 2
-2
What is 2 + 8 + -19 - -7?
-2
What is -2 + 1 + -4 + 2?
-3
(-2 - -5 - 10) + 7
0
-3 - (-3 - (-7 + 2))
-5
Evaluate 2 + (-1 - 0 - 4) - 2.
-5
What is 5 + -4 + 5 + -9?
-3
Evaluate 0 + 1 - (-87 + 83).
5
What is the value of -3 + 0 - -7 - (4 - -1)?
-1
-2 - (-3 + (2 - -1) + 0)
-2
What is the value of 0 + 2 - ((9 - 4) + -7)?
4
Calculate -6 + -3 + 7 + 0.
-2
What is -2 + 5 + (11 - 11)?
3
Calculate -8 + 11 + -6 + 13.
10
Evaluate -12 - (-14 + 18 - 5).
-11
Calculate 3 + -8 - (-1 + 0) - -1.
-3
Calculate (-1 - (8 + -3)) + 10.
4
Calculate 4 - (8 + 4 - -1).
-9
What is the value of -5 - (1 + (-5 - -3))?
-4
What is the value of -4 + 0 + -2 + (1 - -9)?
4
Evaluate -1 + -1 + 1 + 18 + -18.
-1
What is the value of 3 + (-7 - 6) - -17?
7
Calculate -4 + 6 + -4 + (5 - 1).
2
12 - 1 - ((5 - 2) + 1)
7
Evaluate -1 + -5 + 4 - -7 - 1.
4
-1 - -10 - (-1 + 6)
4
(-6 - (2 - 4)) + -23 + 18
-9
What is the value of 7 - (30 + -10) - -6?
-7
Evaluate 5 + 2 + -4 - 5.
-2
Calculate 2 - (-6 + 12 + -9) - -1.
6
6 - (6 + 0 - (-1 + 3))
2
Evaluate 5 + (1 - (-1 - -1) - 2).
4
Calculate -4 - (-3 + -6 - (-7 - -3)).
1
What is -1 - ((2 - 0) + -4) - 6?
-5
Calculate -11 - -4 - (0 + -11).
4
Calculate -1 - (-5 + 1 + -1 - -3).
1
What is the value of (3 - 3) + 2 + 15 + -18?
-1
What is -18 - -6 - -8 - -9?
5
What is 0 + 5 - (79 + -73)?
-1
Evaluate 4 - 11 - -6 - (-2 - -3).
-2
Calculate (-3 + -3 - -12) + -5.
1
(4 - (-1 + 0 - -3)) + -2
0
Evaluate -12 + 8 + 0 + 2 + 0.
-2
15 + 9 + -12 - (5 - 1)
8
8 - (-6 + 3 - -8)
3
-160 - -166 - (0 - (0 + -4))
2
What is 0 + 4 + -70 + 59?
-7
Calculate 25 + -28 + 0 + 5 + 2.
4
Calculate 11 + -10 + (-3 + -2 - 0).
-4
Evaluate -4 + (-2 - -4) - (-8 - -3).
3
Evaluate -2 + (2 - (1 + 6 + -3)).
-4
What is -5 + -4 + (3 - -1) + 1?
-4
What is the value of -1 + (-4 - (-2 - 5 - -4))?
-2
(-3 - 0) + (-3 + -1 - -6)
-1
What is 2 + 1 + (2 - 2) - 3?
0
Calculate (3 - 0) + -4 - -2.
1
What is the value of 2 - (-5 - (-5 - 0 - 6))?
-4
Evaluate 1 + -2 + 6 + -6.
-1
Calculate (-6 - -1 - -3) + 1 + -2.
-3
What is the value of -7 - (-18 + -3 - -7)?
7
Evaluate -2 + -2 + -6 + (19 - 13).
-4
Evaluate 7 + (9 - 15) + (3 - -1).
5
Evaluate (-7 + 4 - -2) + -3.
-4
Evaluate 5 + -5 + (-9 - -9).
0
What is -4 + -2 + (-4 - -11)?
1
Calculate 3 + 0 - (-8 + -3 + 11).
3
What is the value of (-3 - (-2 + -1)) + -1 - 3?
-4
What is the value of 4 - (-2 + -1) - (-6 - -8)?
5
What is 6 - (-23 - -37 - (1 + 1))?
-6
What is -8 - (-19 + -7 + 10)?
8
42 + -28 - (3 - -4)
7
What is the value of 0 - (4 + -4) - -3?
3
What is the value of 2 - (1 + 8 + -4